Dec 03 14:29:40.770 INFO testing dces-0.1.1 against master#8940af3cea4a9a9deabcaf843b2f8cad9a83fc61 for beta-1.31-5
Dec 03 14:29:40.770 INFO running `"docker" "create" "-v" "/mnt/big/crater/work/local/target-dirs/beta-1.31-5/worker-6/master#8940af3cea4a9a9deabcaf843b2f8cad9a83fc61:/target:rw,Z" "-v" "/mnt/big/crater/work/local/test-source/worker-6/beta-1.31-5/master#8940af3cea4a9a9deabcaf843b2f8cad9a83fc61:/source:ro,Z" "-v" "/mnt/big/crater/work/local/cargo-home:/cargo-home:ro,Z" "-v" "/mnt/big/crater/work/local/rustup-home:/rustup-home:ro,Z" "-e" "USER_ID=1000" "-e" "SOURCE_DIR=/source" "-e" "USER_ID=1000" "-e" "CMD=cargo +8940af3cea4a9a9deabcaf843b2f8cad9a83fc61-alt build --frozen" "-e" "CARGO_TARGET_DIR=/target" "-e" "CARGO_INCREMENTAL=0" "-e" "RUST_BACKTRACE=full" "-e" "RUSTFLAGS=--cap-lints=warn" "-e" "CARGO_HOME=/cargo-home" "-e" "RUSTUP_HOME=/rustup-home" "-m" "1536M" "--network" "none" "crater"`
Dec 03 14:29:41.029 INFO [stdout] 2fe6084cfcd5129dfc6817cb46aff9f670671ce0afbe378e3e520980fd207347
Dec 03 14:29:41.032 INFO running `"docker" "start" "-a" "2fe6084cfcd5129dfc6817cb46aff9f670671ce0afbe378e3e520980fd207347"`
Dec 03 14:29:41.835 INFO [stderr] usermod: no changes
Dec 03 14:29:41.887 INFO [stderr]    Compiling dces v0.1.1 (/source)
Dec 03 14:29:43.371 INFO [stderr]     Finished dev [unoptimized + debuginfo] target(s) in 1.50s
Dec 03 14:29:43.371 INFO [stderr] su: No module specific data is present
Dec 03 14:29:43.928 INFO running `"docker" "inspect" "2fe6084cfcd5129dfc6817cb46aff9f670671ce0afbe378e3e520980fd207347"`
Dec 03 14:29:44.299 INFO running `"docker" "rm" "-f" "2fe6084cfcd5129dfc6817cb46aff9f670671ce0afbe378e3e520980fd207347"`
Dec 03 14:29:44.615 INFO [stdout] 2fe6084cfcd5129dfc6817cb46aff9f670671ce0afbe378e3e520980fd207347
Dec 03 14:29:44.617 INFO running `"docker" "create" "-v" "/mnt/big/crater/work/local/target-dirs/beta-1.31-5/worker-6/master#8940af3cea4a9a9deabcaf843b2f8cad9a83fc61:/target:rw,Z" "-v" "/mnt/big/crater/work/local/test-source/worker-6/beta-1.31-5/master#8940af3cea4a9a9deabcaf843b2f8cad9a83fc61:/source:ro,Z" "-v" "/mnt/big/crater/work/local/cargo-home:/cargo-home:ro,Z" "-v" "/mnt/big/crater/work/local/rustup-home:/rustup-home:ro,Z" "-e" "USER_ID=1000" "-e" "SOURCE_DIR=/source" "-e" "USER_ID=1000" "-e" "CMD=cargo +8940af3cea4a9a9deabcaf843b2f8cad9a83fc61-alt test --frozen --no-run" "-e" "CARGO_TARGET_DIR=/target" "-e" "CARGO_INCREMENTAL=0" "-e" "RUST_BACKTRACE=full" "-e" "RUSTFLAGS=--cap-lints=warn" "-e" "CARGO_HOME=/cargo-home" "-e" "RUSTUP_HOME=/rustup-home" "-m" "1536M" "--network" "none" "crater"`
Dec 03 14:29:45.072 INFO [stdout] 99080e01f85b3058a0b835eb4721ca4b322df36cfda99442918779a19fa3f2ad
Dec 03 14:29:45.083 INFO running `"docker" "start" "-a" "99080e01f85b3058a0b835eb4721ca4b322df36cfda99442918779a19fa3f2ad"`
Dec 03 14:29:46.531 INFO [stderr] usermod: no changes
Dec 03 14:29:46.595 INFO [stderr]    Compiling dces v0.1.1 (/source)
Dec 03 14:29:52.648 INFO [stderr]     Finished dev [unoptimized + debuginfo] target(s) in 6.09s
Dec 03 14:29:52.659 INFO [stderr] su: No module specific data is present
Dec 03 14:29:53.800 INFO running `"docker" "inspect" "99080e01f85b3058a0b835eb4721ca4b322df36cfda99442918779a19fa3f2ad"`
Dec 03 14:29:54.096 INFO running `"docker" "rm" "-f" "99080e01f85b3058a0b835eb4721ca4b322df36cfda99442918779a19fa3f2ad"`
Dec 03 14:29:54.293 INFO [stdout] 99080e01f85b3058a0b835eb4721ca4b322df36cfda99442918779a19fa3f2ad
Dec 03 14:29:54.299 INFO running `"docker" "create" "-v" "/mnt/big/crater/work/local/target-dirs/beta-1.31-5/worker-6/master#8940af3cea4a9a9deabcaf843b2f8cad9a83fc61:/target:rw,Z" "-v" "/mnt/big/crater/work/local/test-source/worker-6/beta-1.31-5/master#8940af3cea4a9a9deabcaf843b2f8cad9a83fc61:/source:ro,Z" "-v" "/mnt/big/crater/work/local/cargo-home:/cargo-home:ro,Z" "-v" "/mnt/big/crater/work/local/rustup-home:/rustup-home:ro,Z" "-e" "USER_ID=1000" "-e" "SOURCE_DIR=/source" "-e" "USER_ID=1000" "-e" "CMD=cargo +8940af3cea4a9a9deabcaf843b2f8cad9a83fc61-alt test --frozen" "-e" "CARGO_TARGET_DIR=/target" "-e" "CARGO_INCREMENTAL=0" "-e" "RUST_BACKTRACE=full" "-e" "RUSTFLAGS=--cap-lints=warn" "-e" "CARGO_HOME=/cargo-home" "-e" "RUSTUP_HOME=/rustup-home" "-m" "1536M" "--network" "none" "crater"`
Dec 03 14:29:54.755 INFO [stdout] 9658dc1d10bd91f5a4782b6b102fb30f8e7b86ee85602b4fcb33c276ba54b74a
Dec 03 14:29:54.763 INFO running `"docker" "start" "-a" "9658dc1d10bd91f5a4782b6b102fb30f8e7b86ee85602b4fcb33c276ba54b74a"`
Dec 03 14:29:56.011 INFO [stderr] usermod: no changes
Dec 03 14:29:56.085 INFO [stderr]     Finished dev [unoptimized + debuginfo] target(s) in 0.03s
Dec 03 14:29:56.086 INFO [stderr]      Running /target/debug/deps/dces-32301db39e84c0b5
Dec 03 14:29:56.091 INFO [stdout] 
Dec 03 14:29:56.091 INFO [stdout] running 12 tests
Dec 03 14:29:56.091 INFO [stdout] test system::tests::test_register_priority ... ok
Dec 03 14:29:56.091 INFO [stdout] test system::tests::test_build ... ok
Dec 03 14:29:56.091 INFO [stdout] test system::tests::test_borrow_mut_entity_system ... ok
Dec 03 14:29:56.091 INFO [stdout] test entity::tests::test_with ... ok
Dec 03 14:29:56.091 INFO [stdout] test entity::tests::test_build ... ok
Dec 03 14:29:56.091 INFO [stdout] test entity::tests::test_register_entity ... ok
Dec 03 14:29:56.091 INFO [stdout] test system::tests::test_remove_system ... ok
Dec 03 14:29:56.091 INFO [stdout] test world::tests::create_entity ... ok
Dec 03 14:29:56.092 INFO [stdout] test world::tests::create_system ... ok
Dec 03 14:29:56.099 INFO [stdout] test system::tests::test_register_system ... ok
Dec 03 14:29:56.099 INFO [stdout] test system::tests::test_borrow_entity_system ... ok
Dec 03 14:29:56.099 INFO [stdout] test entity::tests::test_register_component ... ok
Dec 03 14:29:56.099 INFO [stdout] 
Dec 03 14:29:56.099 INFO [stdout] test result: ok. 12 passed; 0 failed; 0 ignored; 0 measured; 0 filtered out
Dec 03 14:29:56.099 INFO [stdout] 
Dec 03 14:29:56.103 INFO [stderr]      Running /target/debug/deps/tests-a8ddd83f819010fc
Dec 03 14:29:56.109 INFO [stdout] 
Dec 03 14:29:56.109 INFO [stdout] running 1 test
Dec 03 14:29:56.119 INFO [stdout] test test_update ... ok
Dec 03 14:29:56.120 INFO [stdout] 
Dec 03 14:29:56.120 INFO [stdout] test result: ok. 1 passed; 0 failed; 0 ignored; 0 measured; 0 filtered out
Dec 03 14:29:56.120 INFO [stdout] 
Dec 03 14:29:56.120 INFO [stderr]    Doc-tests dces
Dec 03 14:29:57.483 INFO [stdout] 
Dec 03 14:29:57.483 INFO [stdout] running 1 test
Dec 03 14:29:58.855 INFO [stdout] test src/lib.rs -  (line 20) ... FAILED
Dec 03 14:29:58.855 INFO [stdout] 
Dec 03 14:29:58.855 INFO [stdout] failures:
Dec 03 14:29:58.855 INFO [stdout] 
Dec 03 14:29:58.855 INFO [stdout] ---- src/lib.rs -  (line 20) stdout ----
Dec 03 14:29:58.855 INFO [stdout] error[E0107]: wrong number of type arguments: expected 1, found 0
Dec 03 14:29:58.855 INFO [stdout]  --> src/lib.rs:28:6
Dec 03 14:29:58.855 INFO [stdout]   |
Dec 03 14:29:58.855 INFO [stdout] 9 | impl System for PrintSystem {
Dec 03 14:29:58.855 INFO [stdout]   |      ^^^^^^ expected 1 type argument
Dec 03 14:29:58.855 INFO [stdout] 
Dec 03 14:29:58.855 INFO [stdout] thread 'src/lib.rs -  (line 20)' panicked at 'couldn't compile the test', librustdoc/test.rs:332:13
Dec 03 14:29:58.855 INFO [stdout] stack backtrace:
Dec 03 14:29:58.855 INFO [stdout]    0:     0x7f93112ef90f - std::sys::unix::backtrace::tracing::imp::unwind_backtrace::h3a8b83e1922cbdde
Dec 03 14:29:58.855 INFO [stdout]                                at libstd/sys/unix/backtrace/tracing/gcc_s.rs:49
Dec 03 14:29:58.855 INFO [stdout]    1:     0x7f93112d4897 - std::sys_common::backtrace::print::h00d3155a29b4020f
Dec 03 14:29:58.855 INFO [stdout]                                at libstd/sys_common/backtrace.rs:71
Dec 03 14:29:58.855 INFO [stdout]                                at libstd/sys_common/backtrace.rs:59
Dec 03 14:29:58.855 INFO [stdout]    2:     0x7f93112facef - std::panicking::default_hook::{{closure}}::hd7465c742e79e1bb
Dec 03 14:29:58.855 INFO [stdout]                                at libstd/panicking.rs:211
Dec 03 14:29:58.855 INFO [stdout]    3:     0x7f93112fa9ee - std::panicking::default_hook::h9e3966f2aa2a6e12
Dec 03 14:29:58.855 INFO [stdout]                                at libstd/panicking.rs:221
Dec 03 14:29:58.855 INFO [stdout]    4:     0x7f9313485951 - rustc::util::common::panic_hook::h27965632b67fe74e
Dec 03 14:29:58.855 INFO [stdout]    5:     0x7f93112fb4e6 - std::panicking::rust_panic_with_hook::h587f091ae747d080
Dec 03 14:29:58.855 INFO [stdout]                                at libstd/panicking.rs:480
Dec 03 14:29:58.855 INFO [stdout]    6:     0x561bcfe93b17 - std::panicking::begin_panic::hcef7ac517f7efe0f
Dec 03 14:29:58.855 INFO [stdout]                                at libstd/panicking.rs:410
Dec 03 14:29:58.855 INFO [stdout]    7:     0x561bd0027cc7 - <rustdoc::test::Collector as rustdoc::test::Tester>::add_test::{{closure}}::{{closure}}::{{closure}}::h1a7d462b7674a13e
Dec 03 14:29:58.855 INFO [stdout]                                at librustdoc/test.rs:332
Dec 03 14:29:58.855 INFO [stdout]                                at librustdoc/test.rs:596
Dec 03 14:29:58.855 INFO [stdout]    8:     0x561bcffdd1f8 - <scoped_tls::ScopedKey<T>>::set::h9a299037e2efdd79
Dec 03 14:29:58.855 INFO [stdout]                                at /cargo/registry/src/github.com-1ecc6299db9ec823/scoped-tls-0.1.2/src/lib.rs:155
Dec 03 14:29:58.855 INFO [stdout]                                at libsyntax/lib.rs:106
Dec 03 14:29:58.855 INFO [stdout]                                at /cargo/registry/src/github.com-1ecc6299db9ec823/scoped-tls-0.1.2/src/lib.rs:155
Dec 03 14:29:58.855 INFO [stdout]    9:     0x561bcfde1601 - syntax::with_globals::hc9a23e436a64729f
Dec 03 14:29:58.855 INFO [stdout]                                at libsyntax/lib.rs:105
Dec 03 14:29:58.855 INFO [stdout]   10:     0x561bcfe93dbb - std::panicking::try::do_call::hd95e3a92339aa7c0
Dec 03 14:29:58.855 INFO [stdout]                                at librustdoc/test.rs:593
Dec 03 14:29:58.855 INFO [stdout]                                at libstd/panic.rs:313
Dec 03 14:29:58.855 INFO [stdout]                                at libstd/panicking.rs:310
Dec 03 14:29:58.856 INFO [stdout]   11:     0x7f9311308cd9 - __rust_maybe_catch_panic
Dec 03 14:29:58.856 INFO [stdout]                                at libpanic_unwind/lib.rs:102
Dec 03 14:29:58.856 INFO [stdout]   12:     0x561bcfeb6f49 - rustc_driver::in_named_rustc_thread::h5d5326e5f9843b1f
Dec 03 14:29:58.856 INFO [stdout]                                at libstd/panicking.rs:289
Dec 03 14:29:58.856 INFO [stdout]                                at libstd/panic.rs:392
Dec 03 14:29:58.856 INFO [stdout]                                at librustc_driver/lib.rs:1546
Dec 03 14:29:58.856 INFO [stdout]   13:     0x561bcfff5eb0 - <F as alloc::boxed::FnBox<A>>::call_box::h85b70bbf522f8d35
Dec 03 14:29:58.856 INFO [stdout]                                at librustdoc/test.rs:593
Dec 03 14:29:58.856 INFO [stdout]                                at liballoc/boxed.rs:672
Dec 03 14:29:58.856 INFO [stdout]   14:     0x7f931296a022 - <F as alloc::boxed::FnBox<A>>::call_box::h37f4bb882553d58c
Dec 03 14:29:58.856 INFO [stdout]                                at libtest/lib.rs:1461
Dec 03 14:29:58.856 INFO [stdout]                                at liballoc/boxed.rs:672
Dec 03 14:29:58.856 INFO [stdout]   15:     0x7f9311308cd9 - __rust_maybe_catch_panic
Dec 03 14:29:58.856 INFO [stdout]                                at libpanic_unwind/lib.rs:102
Dec 03 14:29:58.856 INFO [stdout]   16:     0x7f9312992462 - std::sys_common::backtrace::__rust_begin_short_backtrace::hb8f0d0309526c184
Dec 03 14:29:58.856 INFO [stdout]                                at libstd/panicking.rs:289
Dec 03 14:29:58.856 INFO [stdout]                                at libstd/panic.rs:392
Dec 03 14:29:58.856 INFO [stdout]                                at libtest/lib.rs:1423
Dec 03 14:29:58.856 INFO [stdout]                                at libstd/sys_common/backtrace.rs:136
Dec 03 14:29:58.856 INFO [stdout]   17:     0x7f9312993204 - std::panicking::try::do_call::hc2f7c8b9a348d8db
Dec 03 14:29:58.856 INFO [stdout]                                at libstd/thread/mod.rs:409
Dec 03 14:29:58.856 INFO [stdout]                                at libstd/panic.rs:313
Dec 03 14:29:58.856 INFO [stdout]                                at libstd/panicking.rs:310
Dec 03 14:29:58.856 INFO [stdout]   18:     0x7f9311308cd9 - __rust_maybe_catch_panic
Dec 03 14:29:58.856 INFO [stdout]                                at libpanic_unwind/lib.rs:102
Dec 03 14:29:58.856 INFO [stdout]   19:     0x7f931297b94c - <F as alloc::boxed::FnBox<A>>::call_box::h6bfded618e480b32
Dec 03 14:29:58.856 INFO [stdout]                                at libstd/panicking.rs:289
Dec 03 14:29:58.856 INFO [stdout]                                at libstd/panic.rs:392
Dec 03 14:29:58.856 INFO [stdout]                                at libstd/thread/mod.rs:408
Dec 03 14:29:58.856 INFO [stdout]                                at liballoc/boxed.rs:672
Dec 03 14:29:58.856 INFO [stdout]   20:     0x7f93112f5c9d - std::sys_common::thread::start_thread::h4c28257d67cdf9cb
Dec 03 14:29:58.856 INFO [stdout]                                at liballoc/boxed.rs:682
Dec 03 14:29:58.856 INFO [stdout]                                at libstd/sys_common/thread.rs:24
Dec 03 14:29:58.856 INFO [stdout]   21:     0x7f93112cb4d5 - std::sys::unix::thread::Thread::new::thread_start::hfecb2e7eff8fd34f
Dec 03 14:29:58.856 INFO [stdout]                                at libstd/sys/unix/thread.rs:90
Dec 03 14:29:58.856 INFO [stdout]   22:     0x7f9310e576b9 - start_thread
Dec 03 14:29:58.856 INFO [stdout]   23:     0x7f931097741c - clone
Dec 03 14:29:58.856 INFO [stdout]   24:                0x0 - <unknown>
Dec 03 14:29:58.856 INFO [stdout] query stack during panic:
Dec 03 14:29:58.856 INFO [stdout] end of query stack
Dec 03 14:29:58.856 INFO [stdout] 
Dec 03 14:29:58.856 INFO [stdout] 
Dec 03 14:29:58.856 INFO [stdout] failures:
Dec 03 14:29:58.856 INFO [stdout]     src/lib.rs -  (line 20)
Dec 03 14:29:58.856 INFO [stdout] 
Dec 03 14:29:58.856 INFO [stdout] test result: FAILED. 0 passed; 1 failed; 0 ignored; 0 measured; 0 filtered out
Dec 03 14:29:58.856 INFO [stdout] 
Dec 03 14:29:58.865 INFO [stderr] error: test failed, to rerun pass '--doc'
Dec 03 14:29:58.866 INFO [stderr] su: No module specific data is present
Dec 03 14:29:59.730 INFO running `"docker" "inspect" "9658dc1d10bd91f5a4782b6b102fb30f8e7b86ee85602b4fcb33c276ba54b74a"`
Dec 03 14:29:59.981 INFO running `"docker" "rm" "-f" "9658dc1d10bd91f5a4782b6b102fb30f8e7b86ee85602b4fcb33c276ba54b74a"`
Dec 03 14:30:00.253 INFO [stdout] 9658dc1d10bd91f5a4782b6b102fb30f8e7b86ee85602b4fcb33c276ba54b74a
